{"id":266,"date":"2014-03-27T20:01:34","date_gmt":"2014-03-27T18:01:34","guid":{"rendered":"http:\/\/kramer-und-partner.com\/Wordpress\/?page_id=266"},"modified":"2020-04-06T14:56:22","modified_gmt":"2020-04-06T12:56:22","slug":"coaching-weiterbildung","status":"publish","type":"page","link":"https:\/\/kramer-und-partner.com\/?page_id=266","title":{"rendered":"Coaching Weiterbildung"},"content":{"rendered":"<p>Wir bieten Ihnen eine konzeptionell fundierte Weiterbildung zum Coach an. Dabei folgen wir einem systemischen und integrativen Ansatz. Neben der Vermittlung von Grundlagen zur Prozessgestaltung im Coaching steht ein breites Spektrum unterschiedlicher methodischer Zug\u00e4nge im Zentrum der Weiterbildung. Die Person des Coachs selbst, seine (Selbst-)Wahrnehmungsf\u00e4higkeit und Entwicklung findet unter Nutzung von Coachingmethoden besondere Beachtung und wird durch ein Mentorensystem begleitet. Die Coaching Weiterbildung wird gestaltet von Dipl. Psych. Michael Kramer und Monika Herr.<\/p>\n<p>Die Inhalte (siehe dazu Curriculum) werden in insgesamt 9 Modulen mit insgesamt 21 Tagen vermittelt. Dabei wechseln sich jeweils Workshops (\u00e1 3 Tage) mit unterschiedlichen Themenschwerpunkten und Praxistage (PT \u00e0 1,5 Tage) ab. In den PT steht die Entwicklung des Coaches und seine konkrete Coachingt\u00e4tigkeit im Mittelpunkt.<br \/>\nAlle Praxistage verlaufen nach folgendem Modell:<br \/>\nDer erste Tag findet in, \u00fcber den gesamten Weiterbildungszeitraum stabilen, Kleingruppen mit einem ebenfalls fest zugeordneten Ausbilder statt. Dort geht es um den Transfer der Workshopinhalte und Praxiserfahrungen mit Coaching auf die eigene Person.<br \/>\nAm zweiten Tag wird einer der Trainer mit der gesamten Gruppe an Coachingf\u00e4llen der Teilnehmer oder \u00dcbungsbeispielen arbeiten.<\/p>\n<p>Zur weiteren Information sehen Sie bitte unsere neuen Brosch\u00fcren, die Sie per Mail gerne anfordern k\u00f6nnen.<\/p>\n","protected":false},"excerpt":{"rendered":"<p>Wir bieten Ihnen eine konzeptionell fundierte Weiterbildung zum Coach an. Dabei folgen wir einem systemischen und integrativen Ansatz. Neben der Vermittlung von Grundlagen zur Prozessgestaltung im Coaching steht ein breites Spektrum unterschiedlicher methodischer Zug\u00e4nge im Zentrum der Weiterbildung. Die Person des Coachs selbst, seine (Selbst-)Wahrnehmungsf\u00e4higkeit und Entwicklung findet unter Nutzung von Coachingmethoden besondere Beachtung und [&hellip;]<\/p>\n","protected":false},"author":1,"featured_media":675,"parent":0,"menu_order":0,"comment_status":"closed","ping_status":"closed","template":"","meta":{"footnotes":""},"class_list":["post-266","page","type-page","status-publish","has-post-thumbnail","hentry"],"yoast_head":"<!-- This site is optimized with the Yoast SEO plugin v15.2 - https:\/\/yoast.com\/wordpress\/plugins\/seo\/ -->\n<title>Coaching Weiterbildung - Kramer &amp; Partner<\/title>\n<meta name=\"robots\" content=\"index, follow, max-snippet:-1, max-image-preview:large, max-video-preview:-1\" \/>\n<link rel=\"canonical\" href=\"https:\/\/kramer-und-partner.com\/?page_id=266\" \/>\n<meta property=\"og:locale\" content=\"de_DE\" \/>\n<meta property=\"og:type\" content=\"article\" \/>\n<meta property=\"og:title\" content=\"Coaching Weiterbildung - Kramer &amp; Partner\" \/>\n<meta property=\"og:description\" content=\"Wir bieten Ihnen eine konzeptionell fundierte Weiterbildung zum Coach an. Dabei folgen wir einem systemischen und integrativen Ansatz. Neben der Vermittlung von Grundlagen zur Prozessgestaltung im Coaching steht ein breites Spektrum unterschiedlicher methodischer Zug\u00e4nge im Zentrum der Weiterbildung. Die Person des Coachs selbst, seine (Selbst-)Wahrnehmungsf\u00e4higkeit und Entwicklung findet unter Nutzung von Coachingmethoden besondere Beachtung und [&hellip;]\" \/>\n<meta property=\"og:url\" content=\"https:\/\/kramer-und-partner.com\/?page_id=266\" \/>\n<meta property=\"og:site_name\" content=\"Kramer &amp; Partner\" \/>\n<meta property=\"article:modified_time\" content=\"2020-04-06T12:56:22+00:00\" \/>\n<meta property=\"og:image\" content=\"https:\/\/kramer-und-partner.com\/wp-content\/uploads\/2014\/06\/Vulkanweg1.jpg\" \/>\n\t<meta property=\"og:image:width\" content=\"748\" \/>\n\t<meta property=\"og:image:height\" content=\"2200\" \/>\n<meta name=\"twitter:card\" content=\"summary\" \/>\n<meta name=\"twitter:label1\" value=\"Written by\">\n\t<meta name=\"twitter:data1\" value=\"admin\">\n\t<meta name=\"twitter:label2\" value=\"Est. reading time\">\n\t<meta name=\"twitter:data2\" value=\"1\u00a0Minute\">\n<script type=\"application\/ld+json\" class=\"yoast-schema-graph\">{\"@context\":\"https:\/\/schema.org\",\"@graph\":[{\"@type\":\"WebSite\",\"@id\":\"https:\/\/kramer-und-partner.com\/#website\",\"url\":\"https:\/\/kramer-und-partner.com\/\",\"name\":\"Kramer &amp; Partner\",\"description\":\"Organisationsentwicklung Mediation Coaching\",\"potentialAction\":[{\"@type\":\"SearchAction\",\"target\":\"https:\/\/kramer-und-partner.com\/?s={search_term_string}\",\"query-input\":\"required name=search_term_string\"}],\"inLanguage\":\"de\"},{\"@type\":\"ImageObject\",\"@id\":\"https:\/\/kramer-und-partner.com\/?page_id=266#primaryimage\",\"inLanguage\":\"de\",\"url\":\"https:\/\/kramer-und-partner.com\/wp-content\/uploads\/2014\/06\/Vulkanweg1.jpg\",\"width\":748,\"height\":2200},{\"@type\":\"WebPage\",\"@id\":\"https:\/\/kramer-und-partner.com\/?page_id=266#webpage\",\"url\":\"https:\/\/kramer-und-partner.com\/?page_id=266\",\"name\":\"Coaching Weiterbildung - Kramer &amp; Partner\",\"isPartOf\":{\"@id\":\"https:\/\/kramer-und-partner.com\/#website\"},\"primaryImageOfPage\":{\"@id\":\"https:\/\/kramer-und-partner.com\/?page_id=266#primaryimage\"},\"datePublished\":\"2014-03-27T18:01:34+00:00\",\"dateModified\":\"2020-04-06T12:56:22+00:00\",\"inLanguage\":\"de\",\"potentialAction\":[{\"@type\":\"ReadAction\",\"target\":[\"https:\/\/kramer-und-partner.com\/?page_id=266\"]}]}]}<\/script>\n<!-- \/ Yoast SEO plugin. -->","_links":{"self":[{"href":"https:\/\/kramer-und-partner.com\/index.php?rest_route=\/wp\/v2\/pages\/266","targetHints":{"allow":["GET"]}}],"collection":[{"href":"https:\/\/kramer-und-partner.com\/index.php?rest_route=\/wp\/v2\/pages"}],"about":[{"href":"https:\/\/kramer-und-partner.com\/index.php?rest_route=\/wp\/v2\/types\/page"}],"author":[{"embeddable":true,"href":"https:\/\/kramer-und-partner.com\/index.php?rest_route=\/wp\/v2\/users\/1"}],"replies":[{"embeddable":true,"href":"https:\/\/kramer-und-partner.com\/index.php?rest_route=%2Fwp%2Fv2%2Fcomments&post=266"}],"version-history":[{"count":5,"href":"https:\/\/kramer-und-partner.com\/index.php?rest_route=\/wp\/v2\/pages\/266\/revisions"}],"predecessor-version":[{"id":874,"href":"https:\/\/kramer-und-partner.com\/index.php?rest_route=\/wp\/v2\/pages\/266\/revisions\/874"}],"wp:featuredmedia":[{"embeddable":true,"href":"https:\/\/kramer-und-partner.com\/index.php?rest_route=\/wp\/v2\/media\/675"}],"wp:attachment":[{"href":"https:\/\/kramer-und-partner.com\/index.php?rest_route=%2Fwp%2Fv2%2Fmedia&parent=266"}],"curies":[{"name":"wp","href":"https:\/\/api.w.org\/{rel}","templated":true}]}}