{"id":33,"date":"2013-10-29T11:19:51","date_gmt":"2013-10-29T09:19:51","guid":{"rendered":"http:\/\/localhost:8888\/Kramer%20und%20Partner\/?page_id=33"},"modified":"2014-06-11T18:48:14","modified_gmt":"2014-06-11T16:48:14","slug":"philosophie","status":"publish","type":"page","link":"https:\/\/kramer-und-partner.com\/?page_id=33","title":{"rendered":"Philosophie"},"content":{"rendered":"<p>Die K &amp; P Philosophie<\/p>\n<p>Unsere Unternehmensphilosophie wie auch unsere Handlungsans\u00e4tze gr\u00fcnden sich auf \u00fcber 30 Jahren Erfahrung in der Beratung von Unternehmen, Teams und Management. Wir sind t\u00e4tig in der Organisationsentwicklung, im Coaching sowie in der Mediation. Dabei bewegen wir uns in dem gesamten Spektrum von Forschung, Lehre und anwendungsorientierter Umsetzung.<\/p>\n<p>In Kooperation mit unseren Kunden unterst\u00fctzen wir diese, ihre vorhandenen Potentiale weiter zu entwickeln und zielgerichtet zu nutzen. Flexibilit\u00e4t in unserer Methodenwahl und passgenauer Einsatz von Tools kennzeichnen unsere Arbeit. Wir entwickeln mit Ihnen die zu Ihrer Organisation und Kultur passende L\u00f6sung. Dabei sehen wir die gesamte Prozesskette von der Analyse der Ist-Situation \u00fcber die Entwicklung von L\u00f6sungsans\u00e4tzen, deren Implementierung sowie Evaluation und Kontrolle als unsere Aufgabe an. So erzeugen wir mit Ihnen gemeinsam nachhaltigen Erfolg.<\/p>\n<p>Durch den von uns entwickelten und langj\u00e4hrig erprobten, spezifisch integrierten Ansatz stellen wir ein optimales Ergebnis f\u00fcr Sie sicher. Unterschiedliche Perspektiven wie betriebswirtschaftliche Optimierung, effektive Produktions- oder Qualit\u00e4tsmanagementsysteme sowie erfolgskritische Kulturaspekte, F\u00fchrungsverhalten und Kundenorientierung verbinden wir zu einem integrierten Beratungs- und Ausbildungskonzept. Die Perspektive und die Tools der Angewandten Psychologie erg\u00e4nzen diesen Arbeitsansatz optimal. Ob Coaching, Organisationsentwicklung oder Mediation, immer geht es darum eine Form des produktiven Umgangs mit Herausforderungen zu lernen, die sowohl die eigene Zufriedenheit und Gesundheit (auch von Organisationen) sowie eine nachhaltige und effektive Zielerreichung erm\u00f6glicht.<\/p>\n","protected":false},"excerpt":{"rendered":"<p>Die K &amp; P Philosophie Unsere Unternehmensphilosophie wie auch unsere Handlungsans\u00e4tze gr\u00fcnden sich auf \u00fcber 30 Jahren Erfahrung in der Beratung von Unternehmen, Teams und Management. Wir sind t\u00e4tig in der Organisationsentwicklung, im Coaching sowie in der Mediation. Dabei bewegen wir uns in dem gesamten Spektrum von Forschung, Lehre und anwendungsorientierter Umsetzung. In Kooperation mit [&hellip;]<\/p>\n","protected":false},"author":1,"featured_media":681,"parent":0,"menu_order":0,"comment_status":"closed","ping_status":"closed","template":"","meta":{"footnotes":""},"class_list":["post-33","page","type-page","status-publish","has-post-thumbnail","hentry"],"yoast_head":"<!-- This site is optimized with the Yoast SEO plugin v15.2 - https:\/\/yoast.com\/wordpress\/plugins\/seo\/ -->\n<title>Philosophie - Kramer &amp; Partner<\/title>\n<meta name=\"robots\" content=\"index, follow, max-snippet:-1, max-image-preview:large, max-video-preview:-1\" \/>\n<link rel=\"canonical\" href=\"https:\/\/kramer-und-partner.com\/?page_id=33\" \/>\n<meta property=\"og:locale\" content=\"de_DE\" \/>\n<meta property=\"og:type\" content=\"article\" \/>\n<meta property=\"og:title\" content=\"Philosophie - Kramer &amp; Partner\" \/>\n<meta property=\"og:description\" content=\"Die K &amp; P Philosophie Unsere Unternehmensphilosophie wie auch unsere Handlungsans\u00e4tze gr\u00fcnden sich auf \u00fcber 30 Jahren Erfahrung in der Beratung von Unternehmen, Teams und Management. Wir sind t\u00e4tig in der Organisationsentwicklung, im Coaching sowie in der Mediation. Dabei bewegen wir uns in dem gesamten Spektrum von Forschung, Lehre und anwendungsorientierter Umsetzung. In Kooperation mit [&hellip;]\" \/>\n<meta property=\"og:url\" content=\"https:\/\/kramer-und-partner.com\/?page_id=33\" \/>\n<meta property=\"og:site_name\" content=\"Kramer &amp; Partner\" \/>\n<meta property=\"article:modified_time\" content=\"2014-06-11T16:48:14+00:00\" \/>\n<meta property=\"og:image\" content=\"https:\/\/kramer-und-partner.com\/wp-content\/uploads\/2013\/10\/Bl\u00fcten-auf-Madeira-348x1024.jpg\" \/>\n\t<meta property=\"og:image:width\" content=\"348\" \/>\n\t<meta property=\"og:image:height\" content=\"1024\" \/>\n<meta name=\"twitter:card\" content=\"summary\" \/>\n<meta name=\"twitter:label1\" value=\"Written by\">\n\t<meta name=\"twitter:data1\" value=\"admin\">\n\t<meta name=\"twitter:label2\" value=\"Est. reading time\">\n\t<meta name=\"twitter:data2\" value=\"1\u00a0Minute\">\n<script type=\"application\/ld+json\" class=\"yoast-schema-graph\">{\"@context\":\"https:\/\/schema.org\",\"@graph\":[{\"@type\":\"WebSite\",\"@id\":\"https:\/\/kramer-und-partner.com\/#website\",\"url\":\"https:\/\/kramer-und-partner.com\/\",\"name\":\"Kramer &amp; Partner\",\"description\":\"Organisationsentwicklung Mediation Coaching\",\"potentialAction\":[{\"@type\":\"SearchAction\",\"target\":\"https:\/\/kramer-und-partner.com\/?s={search_term_string}\",\"query-input\":\"required name=search_term_string\"}],\"inLanguage\":\"de\"},{\"@type\":\"ImageObject\",\"@id\":\"https:\/\/kramer-und-partner.com\/?page_id=33#primaryimage\",\"inLanguage\":\"de\",\"url\":\"https:\/\/kramer-und-partner.com\/wp-content\/uploads\/2013\/10\/Bl\\u00fcten-auf-Madeira-348x1024.jpg\",\"width\":348,\"height\":1024},{\"@type\":\"WebPage\",\"@id\":\"https:\/\/kramer-und-partner.com\/?page_id=33#webpage\",\"url\":\"https:\/\/kramer-und-partner.com\/?page_id=33\",\"name\":\"Philosophie - Kramer &amp; Partner\",\"isPartOf\":{\"@id\":\"https:\/\/kramer-und-partner.com\/#website\"},\"primaryImageOfPage\":{\"@id\":\"https:\/\/kramer-und-partner.com\/?page_id=33#primaryimage\"},\"datePublished\":\"2013-10-29T09:19:51+00:00\",\"dateModified\":\"2014-06-11T16:48:14+00:00\",\"inLanguage\":\"de\",\"potentialAction\":[{\"@type\":\"ReadAction\",\"target\":[\"https:\/\/kramer-und-partner.com\/?page_id=33\"]}]}]}<\/script>\n<!-- \/ Yoast SEO plugin. -->","_links":{"self":[{"href":"https:\/\/kramer-und-partner.com\/index.php?rest_route=\/wp\/v2\/pages\/33","targetHints":{"allow":["GET"]}}],"collection":[{"href":"https:\/\/kramer-und-partner.com\/index.php?rest_route=\/wp\/v2\/pages"}],"about":[{"href":"https:\/\/kramer-und-partner.com\/index.php?rest_route=\/wp\/v2\/types\/page"}],"author":[{"embeddable":true,"href":"https:\/\/kramer-und-partner.com\/index.php?rest_route=\/wp\/v2\/users\/1"}],"replies":[{"embeddable":true,"href":"https:\/\/kramer-und-partner.com\/index.php?rest_route=%2Fwp%2Fv2%2Fcomments&post=33"}],"version-history":[{"count":1,"href":"https:\/\/kramer-und-partner.com\/index.php?rest_route=\/wp\/v2\/pages\/33\/revisions"}],"predecessor-version":[{"id":682,"href":"https:\/\/kramer-und-partner.com\/index.php?rest_route=\/wp\/v2\/pages\/33\/revisions\/682"}],"wp:featuredmedia":[{"embeddable":true,"href":"https:\/\/kramer-und-partner.com\/index.php?rest_route=\/wp\/v2\/media\/681"}],"wp:attachment":[{"href":"https:\/\/kramer-und-partner.com\/index.php?rest_route=%2Fwp%2Fv2%2Fmedia&parent=33"}],"curies":[{"name":"wp","href":"https:\/\/api.w.org\/{rel}","templated":true}]}}