{"id":791,"date":"2016-11-19T23:10:25","date_gmt":"2016-11-19T21:10:25","guid":{"rendered":"http:\/\/kramer-und-partner.com\/?page_id=791"},"modified":"2023-11-08T12:26:33","modified_gmt":"2023-11-08T10:26:33","slug":"qi-gong","status":"publish","type":"page","link":"https:\/\/kramer-und-partner.com\/?page_id=791","title":{"rendered":"Qi Gong"},"content":{"rendered":"<p><strong>Gesundheit<\/strong> bedeutet in der Traditionellen Chinesischen Medizin: Im GLEICHGEWICHT sein.\u00a0 Gleichgewicht von K\u00f6rper, Geist und Seele.\u00a0 Um dies zu erreichen gibt es verschiedene Strategien, die jeweils kurativ und pr\u00e4ventiv genutzt werden k\u00f6nnen.\u00a0 Es sind dies die Akupunktur oder Akupressur, die Pharmakologie und das Qi Gong.\u00a0\u00a0 Dieses Verst\u00e4ndnis basiert auf der TAOistischen Philosophie, welche den permanenten Wandel, das Gleichgewicht der Energien sowie von Yin und Yang, das Prinzip des Hier und Jetzt das hei\u00dft der Achtsamkeit den klugen und sorgf\u00e4ltigen Umgamng mit den Ph\u00e4nomenen (Tue etwas, solange die Dinge noch klein sind) besondere Beachtung schenkt.<\/p>\n<p>Dieses uralten Erkenntnisse lassen sich im <strong>Coaching und insbesondere in der Organisationsentwicklung<\/strong> hervorragend nutzen und wurden von mir zu einem sehr wirksamen und nachhaltigen Konzept integriert.\u00a0 Hier k\u00f6nnen Sie sich einen diesbez\u00fcglichen <strong><a href=\"http:\/\/kramer-und-partner.com\/wp-content\/uploads\/2016\/11\/TAO-Gestalt-und-QiGong-in-OE-und-Coaching-Michael-Kramer-Auszug-Buch-Stand-18.07.2016-Kopie.pdf\">Auszug<\/a><\/strong> eines im Universit\u00e4tsbuchverlag der Universit\u00e4t Oldenburg erscheinenden Buches herunterladen.<\/p>\n<p>Auf Madeira biete ich gemeinsam mit meiner Kollegin Barbara Braun, Qi Gong Ausbilderin ein mal im Jahr ein 7-t\u00e4giges COACHING &#8211; Qi GONG RETREAT an.\u00a0\u00a0\u00a0 Durchgang VII wird 2024 vom 08. bis 15. Dezember 2024 stattfinden.\u00a0 Dies ist der Flyer zum <span style=\"font-size: 12pt;\"><strong><a href=\"http:\/\/kramer-und-partner.com\/wp-content\/uploads\/2016\/11\/Coaching-QiGong-Retreat_Download.pdf\">coaching-qigong-retreat<\/a><\/strong><\/span> und die Anmeldung f\u00fcr <strong><a href=\"http:\/\/kramer-und-partner.com\/wp-content\/uploads\/2016\/11\/Coaching-QiGong-Retreat_Einleger_Madeira2017_Download.pdf\">madeira 2021<\/a>.<\/strong><\/p>\n","protected":false},"excerpt":{"rendered":"<p>Gesundheit bedeutet in der Traditionellen Chinesischen Medizin: Im GLEICHGEWICHT sein.\u00a0 Gleichgewicht von K\u00f6rper, Geist und Seele.\u00a0 Um dies zu erreichen gibt es verschiedene Strategien, die jeweils kurativ und pr\u00e4ventiv genutzt werden k\u00f6nnen.\u00a0 Es sind dies die Akupunktur oder Akupressur, die Pharmakologie und das Qi Gong.\u00a0\u00a0 Dieses Verst\u00e4ndnis basiert auf der TAOistischen Philosophie, welche den permanenten [&hellip;]<\/p>\n","protected":false},"author":1,"featured_media":642,"parent":0,"menu_order":0,"comment_status":"closed","ping_status":"closed","template":"","meta":{"footnotes":""},"class_list":["post-791","page","type-page","status-publish","has-post-thumbnail","hentry"],"yoast_head":"<!-- This site is optimized with the Yoast SEO plugin v15.2 - https:\/\/yoast.com\/wordpress\/plugins\/seo\/ -->\n<title>Qi Gong - Kramer &amp; Partner<\/title>\n<meta name=\"robots\" content=\"index, follow, max-snippet:-1, max-image-preview:large, max-video-preview:-1\" \/>\n<link rel=\"canonical\" href=\"https:\/\/kramer-und-partner.com\/?page_id=791\" \/>\n<meta property=\"og:locale\" content=\"de_DE\" \/>\n<meta property=\"og:type\" content=\"article\" \/>\n<meta property=\"og:title\" content=\"Qi Gong - Kramer &amp; Partner\" \/>\n<meta property=\"og:description\" content=\"Gesundheit bedeutet in der Traditionellen Chinesischen Medizin: Im GLEICHGEWICHT sein.\u00a0 Gleichgewicht von K\u00f6rper, Geist und Seele.\u00a0 Um dies zu erreichen gibt es verschiedene Strategien, die jeweils kurativ und pr\u00e4ventiv genutzt werden k\u00f6nnen.\u00a0 Es sind dies die Akupunktur oder Akupressur, die Pharmakologie und das Qi Gong.\u00a0\u00a0 Dieses Verst\u00e4ndnis basiert auf der TAOistischen Philosophie, welche den permanenten [&hellip;]\" \/>\n<meta property=\"og:url\" content=\"https:\/\/kramer-und-partner.com\/?page_id=791\" \/>\n<meta property=\"og:site_name\" content=\"Kramer &amp; Partner\" \/>\n<meta property=\"article:modified_time\" content=\"2023-11-08T10:26:33+00:00\" \/>\n<meta property=\"og:image\" content=\"https:\/\/kramer-und-partner.com\/wp-content\/uploads\/2014\/06\/Levada-Wasserfall.jpg\" \/>\n\t<meta property=\"og:image:width\" content=\"1001\" \/>\n\t<meta property=\"og:image:height\" content=\"2944\" \/>\n<meta name=\"twitter:card\" content=\"summary\" \/>\n<meta name=\"twitter:label1\" value=\"Written by\">\n\t<meta name=\"twitter:data1\" value=\"admin\">\n\t<meta name=\"twitter:label2\" value=\"Est. reading time\">\n\t<meta name=\"twitter:data2\" value=\"1\u00a0Minute\">\n<script type=\"application\/ld+json\" class=\"yoast-schema-graph\">{\"@context\":\"https:\/\/schema.org\",\"@graph\":[{\"@type\":\"WebSite\",\"@id\":\"https:\/\/kramer-und-partner.com\/#website\",\"url\":\"https:\/\/kramer-und-partner.com\/\",\"name\":\"Kramer &amp; Partner\",\"description\":\"Organisationsentwicklung Mediation Coaching\",\"potentialAction\":[{\"@type\":\"SearchAction\",\"target\":\"https:\/\/kramer-und-partner.com\/?s={search_term_string}\",\"query-input\":\"required name=search_term_string\"}],\"inLanguage\":\"de\"},{\"@type\":\"ImageObject\",\"@id\":\"https:\/\/kramer-und-partner.com\/?page_id=791#primaryimage\",\"inLanguage\":\"de\",\"url\":\"https:\/\/kramer-und-partner.com\/wp-content\/uploads\/2014\/06\/Levada-Wasserfall.jpg\",\"width\":1001,\"height\":2944},{\"@type\":\"WebPage\",\"@id\":\"https:\/\/kramer-und-partner.com\/?page_id=791#webpage\",\"url\":\"https:\/\/kramer-und-partner.com\/?page_id=791\",\"name\":\"Qi Gong - Kramer &amp; Partner\",\"isPartOf\":{\"@id\":\"https:\/\/kramer-und-partner.com\/#website\"},\"primaryImageOfPage\":{\"@id\":\"https:\/\/kramer-und-partner.com\/?page_id=791#primaryimage\"},\"datePublished\":\"2016-11-19T21:10:25+00:00\",\"dateModified\":\"2023-11-08T10:26:33+00:00\",\"inLanguage\":\"de\",\"potentialAction\":[{\"@type\":\"ReadAction\",\"target\":[\"https:\/\/kramer-und-partner.com\/?page_id=791\"]}]}]}<\/script>\n<!-- \/ Yoast SEO plugin. -->","_links":{"self":[{"href":"https:\/\/kramer-und-partner.com\/index.php?rest_route=\/wp\/v2\/pages\/791","targetHints":{"allow":["GET"]}}],"collection":[{"href":"https:\/\/kramer-und-partner.com\/index.php?rest_route=\/wp\/v2\/pages"}],"about":[{"href":"https:\/\/kramer-und-partner.com\/index.php?rest_route=\/wp\/v2\/types\/page"}],"author":[{"embeddable":true,"href":"https:\/\/kramer-und-partner.com\/index.php?rest_route=\/wp\/v2\/users\/1"}],"replies":[{"embeddable":true,"href":"https:\/\/kramer-und-partner.com\/index.php?rest_route=%2Fwp%2Fv2%2Fcomments&post=791"}],"version-history":[{"count":10,"href":"https:\/\/kramer-und-partner.com\/index.php?rest_route=\/wp\/v2\/pages\/791\/revisions"}],"predecessor-version":[{"id":930,"href":"https:\/\/kramer-und-partner.com\/index.php?rest_route=\/wp\/v2\/pages\/791\/revisions\/930"}],"wp:featuredmedia":[{"embeddable":true,"href":"https:\/\/kramer-und-partner.com\/index.php?rest_route=\/wp\/v2\/media\/642"}],"wp:attachment":[{"href":"https:\/\/kramer-und-partner.com\/index.php?rest_route=%2Fwp%2Fv2%2Fmedia&parent=791"}],"curies":[{"name":"wp","href":"https:\/\/api.w.org\/{rel}","templated":true}]}}