{"id":87,"date":"2013-11-04T18:27:26","date_gmt":"2013-11-04T18:27:26","guid":{"rendered":"http:\/\/localhost:8888\/kramer_und_partner\/?page_id=87"},"modified":"2014-06-11T18:52:54","modified_gmt":"2014-06-11T16:52:54","slug":"supervision","status":"publish","type":"page","link":"https:\/\/kramer-und-partner.com\/?page_id=87","title":{"rendered":"Supervision"},"content":{"rendered":"<p>Wie das Coaching ist die <a href=\"http:\/\/kramer-und-partner.com\/Wordpress\/wp-content\/uploads\/2014\/05\/Supervision1.pdf\" target=\"_blank\">Supervision<\/a> eine Form der berufsbegleitenden Beratung in der es \u00fcblicherweise 3 Schwerpunkte gibt:<br \/>\n&#8211; Fallarbeit<br \/>\n&#8211; Die Arbeit mit dem Profi in seiner\/ihrer Rolle<br \/>\n&#8211; Kontextbezogene Themen<\/p>\n<p>Die durch Supervision zu erzielende Erweiterung der pers\u00f6nlichen F\u00e4higkeiten und Handlungsoptionen liegt vor allem im Bereich der konstruktiven Kooperation, der professionellen \u00dcbernahme beruflicher Rollen, der produktiven Gestaltung von Arbeitsbeziehungen und der zielf\u00fchrenden \u00c4nderung betrieblicher und institutioneller Arbeitsstrukturen sowie der Erhaltung der eigenen Gesundheit.<\/p>\n<p><a href=\"http:\/\/kramer-und-partner.com\/Wordpress\/wp-content\/uploads\/2014\/05\/Supervision1.pdf\" target=\"_blank\">Supervision <\/a>unterst\u00fctzt z.B.<\/p>\n<p>\u2022 bei der Verbesserung der Kommunikation am Arbeitsplatz,<br \/>\n\u2022 die Optimierung der eigenen F\u00fchrungsf\u00e4higkeiten<br \/>\n\u2022 bei der Thematisierung und L\u00f6sung von Konflikten mit anderen Teammitgliedern oder der F\u00fchrungskraft,<br \/>\n\u2022 im Umgang mit schwierigen Kunden und Klienten,<br \/>\n\u2022 bei der Entwicklung von Konzepten,<br \/>\n\u2022 die Gew\u00e4hrleistung schwieriger Kommunikationsprozessen z.B. zur Ver\u00e4nderung der Struktur oder zur Verbesserung der Arbeitsorganisation.<\/p>\n<p>Ich bin zertifizierter Supervisor des BDP (Bund Deutscher Psychologen).<\/p>\n<p>Supervision bieten wir an f\u00fcr Mediatoren und <a href=\"http:\/\/kramer-und-partner.com\/Wordpress\/wp-content\/uploads\/2014\/05\/Flyer-Supervision-Integriertes-KM.pdf\" target=\"_blank\">Wirtschaftsmediatoren<\/a>.<\/p>\n","protected":false},"excerpt":{"rendered":"<p>Wie das Coaching ist die Supervision eine Form der berufsbegleitenden Beratung in der es \u00fcblicherweise 3 Schwerpunkte gibt: &#8211; Fallarbeit &#8211; Die Arbeit mit dem Profi in seiner\/ihrer Rolle &#8211; Kontextbezogene Themen Die durch Supervision zu erzielende Erweiterung der pers\u00f6nlichen F\u00e4higkeiten und Handlungsoptionen liegt vor allem im Bereich der konstruktiven Kooperation, der professionellen \u00dcbernahme beruflicher [&hellip;]<\/p>\n","protected":false},"author":1,"featured_media":689,"parent":0,"menu_order":0,"comment_status":"closed","ping_status":"closed","template":"","meta":{"footnotes":""},"class_list":["post-87","page","type-page","status-publish","has-post-thumbnail","hentry"],"yoast_head":"<!-- This site is optimized with the Yoast SEO plugin v15.2 - https:\/\/yoast.com\/wordpress\/plugins\/seo\/ -->\n<title>Supervision - Kramer &amp; Partner<\/title>\n<meta name=\"robots\" content=\"index, follow, max-snippet:-1, max-image-preview:large, max-video-preview:-1\" \/>\n<link rel=\"canonical\" href=\"https:\/\/kramer-und-partner.com\/?page_id=87\" \/>\n<meta property=\"og:locale\" content=\"de_DE\" \/>\n<meta property=\"og:type\" content=\"article\" \/>\n<meta property=\"og:title\" content=\"Supervision - Kramer &amp; Partner\" \/>\n<meta property=\"og:description\" content=\"Wie das Coaching ist die Supervision eine Form der berufsbegleitenden Beratung in der es \u00fcblicherweise 3 Schwerpunkte gibt: &#8211; Fallarbeit &#8211; Die Arbeit mit dem Profi in seiner\/ihrer Rolle &#8211; Kontextbezogene Themen Die durch Supervision zu erzielende Erweiterung der pers\u00f6nlichen F\u00e4higkeiten und Handlungsoptionen liegt vor allem im Bereich der konstruktiven Kooperation, der professionellen \u00dcbernahme beruflicher [&hellip;]\" \/>\n<meta property=\"og:url\" content=\"https:\/\/kramer-und-partner.com\/?page_id=87\" \/>\n<meta property=\"og:site_name\" content=\"Kramer &amp; Partner\" \/>\n<meta property=\"article:modified_time\" content=\"2014-06-11T16:52:54+00:00\" \/>\n<meta property=\"og:image\" content=\"https:\/\/kramer-und-partner.com\/wp-content\/uploads\/2013\/11\/Japanweg-348x1024.png\" \/>\n\t<meta property=\"og:image:width\" content=\"348\" \/>\n\t<meta property=\"og:image:height\" content=\"1024\" \/>\n<meta name=\"twitter:card\" content=\"summary\" \/>\n<meta name=\"twitter:label1\" value=\"Written by\">\n\t<meta name=\"twitter:data1\" value=\"admin\">\n\t<meta name=\"twitter:label2\" value=\"Est. reading time\">\n\t<meta name=\"twitter:data2\" value=\"1\u00a0Minute\">\n<script type=\"application\/ld+json\" class=\"yoast-schema-graph\">{\"@context\":\"https:\/\/schema.org\",\"@graph\":[{\"@type\":\"WebSite\",\"@id\":\"https:\/\/kramer-und-partner.com\/#website\",\"url\":\"https:\/\/kramer-und-partner.com\/\",\"name\":\"Kramer &amp; Partner\",\"description\":\"Organisationsentwicklung Mediation Coaching\",\"potentialAction\":[{\"@type\":\"SearchAction\",\"target\":\"https:\/\/kramer-und-partner.com\/?s={search_term_string}\",\"query-input\":\"required name=search_term_string\"}],\"inLanguage\":\"de\"},{\"@type\":\"ImageObject\",\"@id\":\"https:\/\/kramer-und-partner.com\/?page_id=87#primaryimage\",\"inLanguage\":\"de\",\"url\":\"https:\/\/kramer-und-partner.com\/wp-content\/uploads\/2013\/11\/Japanweg-348x1024.png\",\"width\":348,\"height\":1024},{\"@type\":\"WebPage\",\"@id\":\"https:\/\/kramer-und-partner.com\/?page_id=87#webpage\",\"url\":\"https:\/\/kramer-und-partner.com\/?page_id=87\",\"name\":\"Supervision - Kramer &amp; Partner\",\"isPartOf\":{\"@id\":\"https:\/\/kramer-und-partner.com\/#website\"},\"primaryImageOfPage\":{\"@id\":\"https:\/\/kramer-und-partner.com\/?page_id=87#primaryimage\"},\"datePublished\":\"2013-11-04T18:27:26+00:00\",\"dateModified\":\"2014-06-11T16:52:54+00:00\",\"inLanguage\":\"de\",\"potentialAction\":[{\"@type\":\"ReadAction\",\"target\":[\"https:\/\/kramer-und-partner.com\/?page_id=87\"]}]}]}<\/script>\n<!-- \/ Yoast SEO plugin. -->","_links":{"self":[{"href":"https:\/\/kramer-und-partner.com\/index.php?rest_route=\/wp\/v2\/pages\/87","targetHints":{"allow":["GET"]}}],"collection":[{"href":"https:\/\/kramer-und-partner.com\/index.php?rest_route=\/wp\/v2\/pages"}],"about":[{"href":"https:\/\/kramer-und-partner.com\/index.php?rest_route=\/wp\/v2\/types\/page"}],"author":[{"embeddable":true,"href":"https:\/\/kramer-und-partner.com\/index.php?rest_route=\/wp\/v2\/users\/1"}],"replies":[{"embeddable":true,"href":"https:\/\/kramer-und-partner.com\/index.php?rest_route=%2Fwp%2Fv2%2Fcomments&post=87"}],"version-history":[{"count":1,"href":"https:\/\/kramer-und-partner.com\/index.php?rest_route=\/wp\/v2\/pages\/87\/revisions"}],"predecessor-version":[{"id":688,"href":"https:\/\/kramer-und-partner.com\/index.php?rest_route=\/wp\/v2\/pages\/87\/revisions\/688"}],"wp:featuredmedia":[{"embeddable":true,"href":"https:\/\/kramer-und-partner.com\/index.php?rest_route=\/wp\/v2\/media\/689"}],"wp:attachment":[{"href":"https:\/\/kramer-und-partner.com\/index.php?rest_route=%2Fwp%2Fv2%2Fmedia&parent=87"}],"curies":[{"name":"wp","href":"https:\/\/api.w.org\/{rel}","templated":true}]}}